{"id":27182,"date":"2026-06-11T13:12:00","date_gmt":"2026-06-11T11:12:00","guid":{"rendered":"https:\/\/www.clib-cluster.de\/?post_type=tribe_events&#038;p=27182"},"modified":"2026-06-11T13:13:32","modified_gmt":"2026-06-11T11:13:32","slug":"15th-int-cebitec-research-conference-bielefeld-2","status":"publish","type":"tribe_events","link":"https:\/\/www.clib-cluster.de\/de\/veranstaltung\/15th-int-cebitec-research-conference-bielefeld-2\/","title":{"rendered":"15th International CeBiTec Research Conference, Bielefeld"},"content":{"rendered":"<p><img loading=\"lazy\" decoding=\"async\" class=\"alignnone wp-image-27183 size-full\" src=\"https:\/\/www.clib-cluster.de\/wp-content\/uploads\/2026\/06\/ICRC2026_Banner.png\" alt=\"\" width=\"2155\" height=\"1007\" srcset=\"https:\/\/www.clib-cluster.de\/wp-content\/uploads\/2026\/06\/ICRC2026_Banner.png 2155w, https:\/\/www.clib-cluster.de\/wp-content\/uploads\/2026\/06\/ICRC2026_Banner-300x140.png 300w, https:\/\/www.clib-cluster.de\/wp-content\/uploads\/2026\/06\/ICRC2026_Banner-1030x481.png 1030w, https:\/\/www.clib-cluster.de\/wp-content\/uploads\/2026\/06\/ICRC2026_Banner-768x359.png 768w, https:\/\/www.clib-cluster.de\/wp-content\/uploads\/2026\/06\/ICRC2026_Banner-1536x718.png 1536w, https:\/\/www.clib-cluster.de\/wp-content\/uploads\/2026\/06\/ICRC2026_Banner-2048x957.png 2048w, https:\/\/www.clib-cluster.de\/wp-content\/uploads\/2026\/06\/ICRC2026_Banner-1500x701.png 1500w, https:\/\/www.clib-cluster.de\/wp-content\/uploads\/2026\/06\/ICRC2026_Banner-705x329.png 705w\" sizes=\"auto, (max-width: 2155px) 100vw, 2155px\" \/><\/p>\n<p>Die 15. Internationale CeBiTec-Forschungskonferenz \u201eAdvances in Industrial Biotechnology: From Metabolic Design to Biomanufacturing \u2013 Bridging Scales and Data\u201c findet vom 28. bis 30. September 2026 am Zentrum f\u00fcr interdisziplin\u00e4re Forschung (ZiF) der Universit\u00e4t Bielefeld statt. Die Konferenz bringt Experten aus den Bereichen Metabolic Engineering, Bioprozessentwicklung, datengesteuerte Biokatalyse und industrielle Biotechnologie zusammen. Das Programm umfasst Gastvortr\u00e4ge, kurze Vortr\u00e4ge und Postersessions. Es wurde ein hervorragendes Referentenfeld aus Wissenschaft und Industrie zusammengestellt.<\/p>\n<p>Die Teilnehmer sind herzlich eingeladen, ihre Arbeiten in Form eines Vortrags oder einer Posterpr\u00e4sentation vorzustellen. Die Einreichungsfrist f\u00fcr Abstracts endet am 30. Juni 2026. Die Fr\u00fchbucherregistrierung ist bis zum 14. Juni m\u00f6glich. Weitere Programmdetails und der Konferenzflyer sind auf der Konferenzwebsite verf\u00fcgbar:<a href=\"https:\/\/www.cebitec.uni-bielefeld.de\/events\/conferences\/678-icrc-2026\" target=\"_blank\" rel=\"noopener\"> 28.09.2026 | 15. Int. CeBiTec-Forschungskonferenz Bielefeld<\/a><\/p>\n<p>Dar\u00fcber hinaus ist eine Sonderausgabe in \u201eSynthetic Biology and Engineering\u201c (SBE) geplant, f\u00fcr die Konferenzteilnehmer Manuskripte einreichen k\u00f6nnen, die dem regul\u00e4ren Peer-Review-Prozess der Zeitschrift unterzogen werden.<\/p>\n","protected":false},"excerpt":{"rendered":"<p>Die 15. Internationale CeBiTec-Forschungskonferenz \u201eAdvances in Industrial Biotechnology: From Metabolic Design to Biomanufacturing \u2013 Bridging Scales and Data\u201c findet vom 28. bis 30. September 2026 am Zentrum f\u00fcr interdisziplin\u00e4re Forschung [&hellip;]<\/p>\n","protected":false},"author":47,"featured_media":0,"template":"","meta":{"_tribe_events_status":"","_tribe_events_status_reason":"","_tribe_events_is_hybrid":"","_tribe_events_is_virtual":"","_tribe_events_virtual_video_source":"","_tribe_events_virtual_embed_video":"","_tribe_events_virtual_linked_button_text":"","_tribe_events_virtual_linked_button":"","_tribe_events_virtual_show_embed_at":"","_tribe_events_virtual_show_embed_to":[],"_tribe_events_virtual_show_on_event":"","_tribe_events_virtual_show_on_views":"","_tribe_events_virtual_url":"","footnotes":""},"tags":[],"tribe_events_cat":[],"class_list":["post-27182","tribe_events","type-tribe_events","status-publish","hentry"],"_links":{"self":[{"href":"https:\/\/www.clib-cluster.de\/de\/wp-json\/wp\/v2\/tribe_events\/27182","targetHints":{"allow":["GET"]}}],"collection":[{"href":"https:\/\/www.clib-cluster.de\/de\/wp-json\/wp\/v2\/tribe_events"}],"about":[{"href":"https:\/\/www.clib-cluster.de\/de\/wp-json\/wp\/v2\/types\/tribe_events"}],"author":[{"embeddable":true,"href":"https:\/\/www.clib-cluster.de\/de\/wp-json\/wp\/v2\/users\/47"}],"version-history":[{"count":3,"href":"https:\/\/www.clib-cluster.de\/de\/wp-json\/wp\/v2\/tribe_events\/27182\/revisions"}],"predecessor-version":[{"id":27209,"href":"https:\/\/www.clib-cluster.de\/de\/wp-json\/wp\/v2\/tribe_events\/27182\/revisions\/27209"}],"wp:attachment":[{"href":"https:\/\/www.clib-cluster.de\/de\/wp-json\/wp\/v2\/media?parent=27182"}],"wp:term":[{"taxonomy":"post_tag","embeddable":true,"href":"https:\/\/www.clib-cluster.de\/de\/wp-json\/wp\/v2\/tags?post=27182"},{"taxonomy":"tribe_events_cat","embeddable":true,"href":"https:\/\/www.clib-cluster.de\/de\/wp-json\/wp\/v2\/tribe_events_cat?post=27182"}],"curies":[{"name":"wp","href":"https:\/\/api.w.org\/{rel}","templated":true}]}}

<p><img loading="lazy" decoding="async" class="alignnone wp-image-27183 size-full" src="https://www.clib-cluster.de/wp-content/uploads/2026/06/ICRC2026_Banner.png" alt="" width="2155" height="1007" srcset="https://www.clib-cluster.de/wp-content/uploads/2026/06/ICRC2026_Banner.png 2155w, https://www.clib-cluster.de/wp-content/uploads/2026/06/ICRC2026_Banner-300x140.png 300w, https://www.clib-cluster.de/wp-content/uploads/2026/06/ICRC2026_Banner-1030x481.png 1030w, https://www.clib-cluster.de/wp-content/uploads/2026/06/ICRC2026_Banner-768x359.png 768w, https://www.clib-cluster.de/wp-content/uploads/2026/06/ICRC2026_Banner-1536x718.png 1536w, https://www.clib-cluster.de/wp-content/uploads/2026/06/ICRC2026_Banner-2048x957.png 2048w, https://www.clib-cluster.de/wp-content/uploads/2026/06/ICRC2026_Banner-1500x701.png 1500w, https://www.clib-cluster.de/wp-content/uploads/2026/06/ICRC2026_Banner-705x329.png 705w" sizes="auto, (max-width: 2155px) 100vw, 2155px" /></p>
<p>Die 15. Internationale CeBiTec-Forschungskonferenz „Advances in Industrial Biotechnology: From Metabolic Design to Biomanufacturing – Bridging Scales and Data“ findet vom 28. bis 30. September 2026 am Zentrum für interdisziplinäre Forschung (ZiF) der Universität Bielefeld statt. Die Konferenz bringt Experten aus den Bereichen Metabolic Engineering, Bioprozessentwicklung, datengesteuerte Biokatalyse und industrielle Biotechnologie zusammen. Das Programm umfasst Gastvorträge, kurze Vorträge und Postersessions. Es wurde ein hervorragendes Referentenfeld aus Wissenschaft und Industrie zusammengestellt.</p>
<p>Die Teilnehmer sind herzlich eingeladen, ihre Arbeiten in Form eines Vortrags oder einer Posterpräsentation vorzustellen. Die Einreichungsfrist für Abstracts endet am 30. Juni 2026. Die Frühbucherregistrierung ist bis zum 14. Juni möglich. Weitere Programmdetails und der Konferenzflyer sind auf der Konferenzwebsite verfügbar:<a href="https://www.cebitec.uni-bielefeld.de/events/conferences/678-icrc-2026" target="_blank" rel="noopener"> 28.09.2026 | 15. Int. CeBiTec-Forschungskonferenz Bielefeld</a></p>
<p>Darüber hinaus ist eine Sonderausgabe in „Synthetic Biology and Engineering“ (SBE) geplant, für die Konferenzteilnehmer Manuskripte einreichen können, die dem regulären Peer-Review-Prozess der Zeitschrift unterzogen werden.</p>

<p>Die 15. Internationale CeBiTec-Forschungskonferenz „Advances in Industrial Biotechnology: From Metabolic Design to Biomanufacturing – Bridging Scales and Data“ findet vom 28. bis 30. September 2026 am Zentrum für interdisziplinäre Forschung [&hellip;]</p>
